44. Suppose 40 = i + p + 9, 4*p + 58 = 3*i. Let k = i - 11. What is the remainder when k is divided by t?
7
Let m(q) = q**3 - 6*q**2 - q + 9. Let l be m(6). Suppose 3*v = -l*v + 264. What is the remainder when v is divided by 15?
14
Suppose -5*l = 3*f - 2*f - 9, -1 = 2*l + 5*f. What is the remainder when l is divided by (-2)/(-4)*(-8)/(-4)?
0
Let d = 28 - 7. What is the remainder when 82 is divided by d?
19
Suppose -6 = -l - 4. Suppose 5*w = 3*v + 49 + 94, 0 = w - l*v - 23. Suppose -6*q + 44 = -2*q. What is the remainder when w is divided by q?
9
Suppose 0*x - 160 = -4*x. Suppose -2*k + 47 - 19 = 0. What is the remainder when x is divided by k?
12
Let i = -84 + 115. Calculate the remainder when i is divided by 11.
9
Let r = -2 + 5. What is the remainder when 20 is divided by (14/6)/(1/r)?
6
Let c(p) = 3*p + 2. Let y be c(-7). Let l = y - -38. Calculate the remainder when l/(-2)*-1*4 is divided by 13.
12
Let v = -48 - -68. What is the remainder when 79 is divided by v?
19
Let o(a) be the first derivative of a**3/3 + 2*a**2 - 7*a - 1. Let x be o(-5). Let s(y) = -7*y. What is the remainder when 25 is divided by s(x)?
11
Suppose -2*a - 2 = -6. Let j be (-5)/(-15) - (-1)/(-3). Let s = 5 + j. What is the remainder when s is divided by a?
1
Let k be (-42)/(-11) - (-14)/77. Let s = 128 - k. Suppose s = 4*j - 2*j. What is the remainder when j is divided by 21?
20
Suppose 0 = -t + 27 - 16. Calculate the remainder when 36 is divided by t.
3
Suppose 39*y = 34*y + 185. What is the remainder when 108 is divided by y?
34
Let m(q) = -q + 4. Let i be m(6). Let f(o) = o**3 - 2*o**2 - 3*o + 2. Let w be f(3). Calculate the remainder when 15/(w + i + 1) is divided by 8.
7
Let i = -9 - -15. Calculate the remainder when i/(-15) - (-66)/15 is divided by 3.
1
Suppose -78 - 147 = -5*y. Calculate the remainder when y is divided by 12.
9
Suppose -4*q - 5*j + 264 = -4*j, 5*j = -q + 85. Let l = q + -42. Calculate the remainder when 91 is divided by l.
22
Let z(n) = 23*n - 8. Let p be z(10). Suppose 0 = -3*x + 4*m + p, -66 = -x - 0*m + 4*m. What is the remainder when x is divided by 20?
18
Let x = -3 + 7. Suppose -26 = -4*f + 22. Suppose -3*b + f = b + c, -9 = -3*b + x*c. Calculate the remainder when 11 is divided by b.
2
Let x = -65 - -72. Calculate the remainder when 46 is divided by x.
4
Calculate the remainder when -2 + -1 + (50 - 6) is divided by 22.
19
Let u = 27 + -20. Calculate the remainder when u is divided by 2.
1
Let w be ((-1)/3 - -2)*-3. Let j(g) = -g**3 - 4*g**2 + g - 3. Calculate the remainder when (-2)/7 + 690/14 is divided by j(w).
15
Suppose -6*n = -4*n - 64. Let p(c) = 5*c - 1. Let b be p(1). Suppose b*f = 25 + 19. Calculate the remainder when n is divided by f.
10
Let p(v) = 21*v + 4. Let f be p(6). Suppose f = 6*b - b. Calculate the remainder when b is divided by 13/((-130)/(-12))*(-45)/(-6).
8
Suppose 5*o - 5 = -0. Suppose 5*s - 41 = 69. Suppose -2*r - 6 = 4*b, -2*b - 3*r + s = -7*r. What is the remainder when b is divided by o?
0
Let a = 3 - -11. What is the remainder when a is divided by (-60)/(-18)*12/5?
6
Let g be (19 - 1)*15/6. Let q = g - 26. What is the remainder when 66/2 - (-2 - 1) is divided by q?
17
Suppose y - 6*y - 2 = -m, 3*y = -3*m - 30. Let g = m + 20. What is the remainder when 35 is divided by g?
11
Suppose 3*g = -15, -4 + 6 = d + 3*g. Calculate the remainder when 97 is divided by d.
12
Suppose -4*f + 28 = -0*f. Calculate the remainder when 19 is divided by f.
5
Calculate the remainder when 9/2*12/3 is divided by (2/(-3))/((-8)/84).
4
Calculate the remainder when 17 is divided by (-3)/1*125/(-75).
2
Suppose 0 = -19*v + 3055 - 1022. What is the remainder when v is divided by 18?
17
Let s = -2 - -3. What is the remainder when s is divided by 8 - 5 - 2/1?
0
Suppose -3*q = -15, 3*l = 4*q + 130 + 72. What is the remainder when l is divided by 25?
24
Suppose -4*u + 25 = u, g - u + 16 = 0. Let l = -6 - g. Let z = -9 + 12. What is the remainder when l is divided by z?
2
What is the remainder when 59 is divided by (-590)/(-20) + 2/4?
29
Suppose 0 = -6*p + 3*p + 18. Let i(g) = g - 3. Calculate the remainder when 7 is divided by i(p).
1
Suppose -32 = -2*h - 14. Calculate the remainder when 15 is divided by h.
6
Let c(z) be the third derivative of z**6/120 + 3*z**5/20 + z**4/3 + 5*z**3/6 - 3*z**2. Calculate the remainder when c(-8) is divided by 2.
1
Suppose 3*d - 21 = 15. What is the remainder when 22 is divided by d?
10
Let d be (0 + (-32)/12)*-33. Let q = -57 + d. What is the remainder when q is divided by 11?
9
Suppose 0 = -0*k + k - 14. Let y = -1 + k. Calculate the remainder when 23 is divided by y.
10
Suppose 8*x - 322 = -6*x. Calculate the remainder when -1 + (-1)/((-2)/138) is divided by x.
22
Suppose 3*z - 95 = 10. What is the remainder when z is divided by 9 + 7 + -6 + 3?
9
Suppose 0 = 4*s - 6 - 2. Suppose -3 = -3*b + s*b. What is the remainder when -17*2*b/(-6) is divided by 9?
8
Suppose -3*n = 2*n + 3*b + 5, -5 = b. Suppose -n*z = 39 - 145. Calculate the remainder when z is divided by 18.
17
Let v be 0/(-3) - (-2 - 0). Let o be ((-5)/10)/((-1)/v). Suppose -64 - o = -5*b. What is the remainder when 50 is divided by b?
11
Let u = -100 - -147. What is the remainder when u is divided by 16?
15
Let y(q) = q + 2. Let o be y(0). Suppose 1 = -2*u - 4*s - 67, 2*s - 86 = o*u. Let i = u + 84. What is the remainder when i is divided by 15?
14
Suppose -c + 7 = -10. Suppose 4*h - j = -20, -j + 6 + 2 = -2*h. What is the remainder when c is divided by h/4*8/(-2)?
5
Suppose 3*c + 3*p - 69 = 0, 0 = 2*c - c + 2*p - 18. Let z = 79 - c. What is the remainder when z is divided by 9?
6
Suppose 7*a = 3*a + 12. Let b be (-2)/a*33/(-2). Suppose 4*y - 63 = -b. What is the remainder when y is divided by 5?
3
Suppose -48 - 56 = -w. What is the remainder when w is divided by 53?
51
Let u(i) = 25*i + 1. Let r be u(-1). Let f = r + 35. Calculate the remainder when 30 is divided by f.
8
Let i = 164 - 94. Calculate the remainder when i is divided by 18.
16
Suppose 0 = -4*u - 5*w + 2*w + 34, 0 = -3*u + 3*w + 36. Calculate the remainder when 39 is divided by u.
9
Suppose -8*r + 10*r - 170 = 0. Calculate the remainder when r is divided by 22.
19
Let l = -15 - -30. Let p = 31 + -15. Suppose 2*m - 5*n = 108, p = -2*n - 2*n. What is the remainder when m is divided by l?
14
Let i = 7 + -3. Let s = 15 + -8. Suppose s = -i*y + 23, -4*f = 5*y - 116. What is the remainder when f is divided by 13?
11
Suppose -5*w + 0*w = -50. Let c(l) be the third derivative of -l**5/60 - 7*l**4/24 - l**3/3 - 5*l**2. Calculate the remainder when w is divided by c(-6).
2
Suppose g - 48 = -g. Calculate the remainder when 93 is divided by g.
21
Let b(p) = -6*p - 26. What is the remainder when b(-14) is divided by 16?
10
Calculate the remainder when (-22)/(-4)*(16 - 14) is divided by 5.
1
Let k(i) = -i**3 + 7*i**2 + 3*i - 6. What is the remainder when 27*(-1 + (2 - 0)) is divided by k(7)?
12
Suppose 52 = -4*z + 2*s, 4*s = -z - s + 9. Let d = 33 - 56. Let y = z - d. Calculate the remainder when 34 is divided by y.
10
Let m = 16 - -27. Calculate the remainder when m is divided by 11.
10
Suppose 3*x = -93 + 531. Suppose -3*n - 54 = -2*h, 5*h - 4*n - x = -2*n. What is the remainder when h is divided by 16?
14
Suppose 4*p = 186 - 54. What is the remainder when p is divided by 3/9*135/5?
6
Let f = -8 + 10. Suppose -t + f*t = 8. Calculate the remainder when t is divided by 5.
3
Suppose -2*q = 3*h - 611 + 205, 3*h - 3*q - 396 = 0. What is the remainder when h is divided by 45?
44
Suppose -5*r + 17 = 5*d - 38, 2*d + 20 = 4*r. Suppose 3 - r = -w. What is the remainder when 7 is divided by w?
3
Suppose -w + 0*w = -5. Calculate the remainder when 7 is divided by w.
2
Let l = 32 - 46. Let c = l + 21. Let i = -6 + 25. What is the remainder when i is divided by c?
5
Suppose 4*n = 4*l - 28, -3*l - n + 9 = -0*n. Calculate the remainder when l is divided by 2.
0
Let g = 2 - 1. Suppose -32 = -2*v - 4*h, v - 2*v - 4*h = -6. What is the remainder when 38 is divided by (2/4)/(g/v)?
12
Suppose 99 - 261 = 3*s. Let a = -33 - s. Calculate the remainder when a is divided by 11.
10
Let i = -23 + 34. What is the remainder when 52 is divided by i?
8
Let u(o) = 3*o**3 - 2*o**2 - o. Let k = 8 + -5. Let l(h) = -h**3 + 7*h**2 